e 15) to base 13.
-1939
Convert 13b1 (base 14) to base 6.
24051
Convert 1859 (base 11) to base 2.
100100111011
-110001001 (base 2) to base 16
-189
3549 (base 11) to base 15
15a1
-24023 (base 5) to base 8
-3343
Convert -34002 (base 6) to base 3.
-20112002
Convert 120 (base 4) to base 12.
20
Convert 295 (base 12) to base 14.
209
What is 32100 (base 5) in base 14?
ad8
Convert 4122 (base 6) to base 11.
761
What is -2357 (base 12) in base 14?
-1627
-35dc (base 14) to base 12
-553a
Convert 3533 (base 7) to base 3.
1210002
What is 2333121 (base 4) in base 3?
121210200
What is -1000100111101 (base 2) in base 15?
-1493
a0a3 (base 12) to base 3
212212120
-1100011000100 (base 2) to base 6
-45204
172 (base 15) to base 3
110022
433 (base 7) to base 5
1340
24103 (base 5) to base 16
6f2
-5282 (base 9) to base 5
-111011
Convert -440043 (base 6) to base 5.
-2130230
Convert -83b (base 16) to base 10.
-2107
Convert -7618 (base 11) to base 13.
-4770
What is -527 (base 10) in base 14?
-299
623 (base 16) to base 15
6eb
What is -1161 (base 7) in base 12?
-303
Convert -24a36 (base 12) to base 16.
-c2ca
Convert 1883 (base 9) to base 15.
66c
What is 1634 (base 10) in base 13?
989
Convert -999 (base 14) to base 7.
-5352
Convert 101212 (base 3) to base 5.
2133
What is -50455 (base 7) in base 6?
-132401
-2222 (base 10) to base 13
-101c
-6be (base 15) to base 5
-22104
Convert -1075 (base 8) to base 11.
-481
Convert -7a38 (base 13) to base 12.
-9aa4
-a32 (base 13) to base 16
-6c3
What is -311002 (base 4) in base 9?
-4581
12b7 (base 12) to base 5
32110
What is -325 (base 11) in base 12?
-286
aa2a (base 14) to base 15
8ac8
What is -21010112 (base 4) in base 16?
-9116
Convert -11155 (base 8) to base 16.
-126d
Convert 1cd1 (base 14) to base 3.
21020112
What is 34233 (base 5) in base 6?
15151
2221110202 (base 3) to base 11
3a589
137 (base 9) to base 11
a5
What is -22022232 (base 4) in base 5?
-2313041
What is 1102 (base 8) in base 14?
2d4
-1321 (base 4) to base 7
-232
Convert -6536 (base 7) to base 3.
-10012022
What is -22b7 (base 15) in base 7?
-30331
8370 (base 13) to base 5
1040144
Convert 12002100 (base 3) to base 6.
25100
What is 13171 (base 9) in base 15?
297d
Convert 24a (base 14) to base 15.
208
Convert 1622 (base 12) to base 8.
5072
7863 (base 10) to base 15
24e3
Convert 111111010 (base 2) to base 11.
420
Convert 1402 (base 8) to base 13.
473
Convert 200 (base 8) to base 5.
1003
Convert 168a (base 16) to base 9.
7821
33a (base 12) to base 3
122201
Convert -fe0 (base 16) to base 5.
-112224
Convert -100 (base 11) to base 15.
-81
Convert -982 (base 10) to base 2.
-1111010110
1e0 (base 15) to base 6
2003
Convert -1122100 (base 3) to base 13.
-711
What is 2b37 (base 13) in base 8?
14233
What is 2133 (base 8) in base 9?
1468
What is -10101010111010 (base 2) in base 15?
-3393
Convert 171a (base 11) to base 9.
3013
Convert 463 (base 11) to base 6.
2321
9b3 (base 12) to base 13
861
-30324 (base 5) to base 15
-8ae
Convert 2022221 (base 3) to base 13.
a09
10262 (base 8) to base 16
10b2
-11110001111 (base 2) to base 14
-9c3
1187d (base 15) to base 5
3242133
-1110111011110 (base 2) to base 10
-7646
-236a (base 14) to base 3
-22110112
What is b9b3 (base 14) in base 10?
32105
What is 238b2 (base 13) in base 9?
108405
What is 128d (base 16) in base 14?
1a33
Convert -3068 (base 9) to base 8.
-4311
-211214 (base 5) to base 6
-52403
What is 4311 (base 6) in base 16?
3d3
What is -e61 (base 15) in base 7?
-12310
What is 10111111111000 (base 2) in base 16?
2ff8
Convert 3200 (base 6) to base 15.
330
3998 (base 10) to base 12
2392
-2745 (base 9) to base 8
-4022
111111010000 (base 2) to base 6
30424
What is -1564 (base 14) in base 8?
-7344
What is 10a2 (base 16) in base 7?
15262
Convert a838 (base 11) to base 9.
21570
What is 2123 (base 7) in base 8?
1360
Convert 1035 (base 13) to base 11.
1758
What is -4323 (base 5) in base 14?
-300
5154 (base 12) to base 3
110010201
11431 (base 5) to base 16
362
1135 (base 7) to base 15
1cd
Convert 332110 (base 5) to base 6.
125214
What is 65 (base 9) in base 8?
73
3301 (base 4) to base 12
181
What is -7e2 (base 15) in base 13?
-a76
What is -11320120 (base 4) in base 8?
-57030
Convert 10203 (base 10) to base 3.
111222220
What is 11026 (base 7) in base 6?
20444
Convert 1808 (base 16) to base 5.
144102
What is -111011011111000 (base 2) in base 8?
-73370
-152415 (base 7) to base 12
-15236
4bdd (base 14) to base 4
3100033
Convert -13156 (base 10) to base 11.
-9980
Convert -651 (base 10) to base 4.
-22023
What is -a14d (base 15) in base 2?
-1000010100000000
15b0 (base 16) to base 15
19a2
25428 (base 9) to base 7
100622
-2130240 (base 5) to base 16
-8de0
Convert -5136 (base 9) to base 6.
-25223
Convert -2caa (base 14) to base 7.
-32203
Convert -1020012 (base 3) to base 5.
-12041
Convert -80 (base 12) to base 5.
-341
What is -20729 (base 12) in base 16?
-a611
Convert 1564 (base 12) to base 8.
4734
What is -215 (base 15) in base 10?
-470
1110110110 (base 2) to base 15
435
Convert -30211 (base 4) to base 16.
-325
Convert 34274 (base 8) to base 4.
3202330
Convert 173 (base 11) to base 4.
3021
Convert -1011101110010 (base 2) to base 8.
-13562
Convert 11102200 (base 3) to base 6.
22543
256 (base 16) to base 12
41a
-100010111 (base 2) to base 7
-546
What is -475 (base 8) in base 15?
-162
Convert 4140 (base 5) to base 7.
1406
3032 (base 4) to base 9
248
-1450 (base 6) to base 16
-186
Convert 11111110000 (base 2) to base 6.
13224
What is 1701 (base 8) in base 12?
681
What is -122 (base 6) in base 7?
-101
What is -2064 (base 7) in base 10?
-732
-90c (base 14) to base 6
-12120
Convert 134231 (base 5) to base 10.
5566
What is -344 (base 7) in base 5?
-1204
What is -650 (base 12) in base 6?
-4140
444 (base 6) to base 4
2230
Convert 21532 (base 6) to base 15.
d58
What is 8765 (base 9) in base 15?
1da8
-1122011 (base 3) to base 2
-10010101000
-1773 (base 10) to base 12
-1039
What is -20 (base 8) in base 12?
-14
Convert 735 (base 15) to base 6.
11305
-1101011 (base 3) to base 15
-46d
What is 131cc (base 13) in base 4?
20222201
Convert 583 (base 12) to base 9.
1110
What is 7006 (base 9) in base 4?
1033311
Convert -22564 (base 9) to base 3.
-202122011
Convert -12002 (base 4) to base 3.
-112022
Convert 7654 (base 15) to base 12.
125ba
11010110010 (base 2) to base 12
baa
What is -101000 (base 3) in base 6?
-1130
What is -1144 (base 8) in base 2?
-1001100100
-21647 (base 9) to base 2
-11100000101100
d9 (base 14) to base 15
cb
What is -28c (base 13) in base 3?
-121211
Convert 25 (base 15) to base 7.
50
Convert 8862 (base 16) to base 5.
2104124
What is -10021011 (base 3) in base 11?
-1874
101012 (base 4) to base 13
662
210222 (base 3) to base 15
298
Convert 556 (base 14) to base 2.
10000100000
Convert 1202023 (base 4) to base 5.
200113
40210 (base 7) to base 9
14277
2c (base 13) to base 9
42
-33322 (base 5) to base 15
-a5c
Convert -6240 (base 11) to base 6.
-102144
Convert -1111010100 (base 2) to base 7.
-2600
What is -1342 (base 11) in base 5?
-23430
134 (base 14) to base 3
22222
21303 (base 4) to base 7
1554
What is 3fbe (base 16) in base 14?
5d38
32121 (base 5) to base 13
ca3
23211 (base 5) to base 4
122101
What is -44056 (base 11) in base 6?
-1212021
-1747 (base 10) to base 2
-11011010011
2012212 (base 3) to base 5
22431
101211020 (base 3) to base 8
17322
What is 1730 (base 8) in base 14?
504
Convert 2780 (base 11) to base 4.
320031
Convert 5201 (base 6) to base 9.
1521
-10011000001 (base 2) to base 13
-728
35524 (base 6) to base 2
1010000101100
12305 (base 6) to base 5
24331
What is 2535 (base 6) in base 10?
635
Convert 101230 (base 5) to base 7.
12444
What is 10101111 (base 2) in base 10?
175
-45989 (base 11) to base 15
-14a20
What is -38c7 (base 13) in base 4?
-1332222
2002202 (base 3) to base 11
1173
Convert 1011101 (base 3) to base 11.
700
Convert -111000100111001 (base 2) to base 3.
-1110202112
Convert -20200021 (base 3) to base 10.
-4867
Convert 12210101 (base 3) to base 13.
1bca
-4a0 (base 11) to base 14
-306
What is 2b5c (base 15) in base 13?
4314
What is -4306 (base 9) in base 14?
-1221
What is 12231 (base 6) in base 11?
1404
What is -507 (base 16) in base 14?
-67d
-2122102 (base 3) to base 10
-1928
What is -110000101110 (base 2) in base 15?
-dcd
11212 (base 3) to base